31733 prime?
False
Is 206993 composite?
False
Is 37067 a composite number?
True
Is 1006021 a prime number?
True
Is 10033 composite?
True
Is 10727 a prime number?
False
Is 151729 a prime number?
True
Is 67085 a composite number?
True
Is 4883 a prime number?
False
Is 186377 a composite number?
False
Is 31643 composite?
False
Is 11101 composite?
True
Is 32537 composite?
False
Is 2257 a composite number?
True
Is 37427 a prime number?
False
Is 62791 a prime number?
True
Is 5678021 a composite number?
True
Is 20953 a composite number?
True
Is 96037 a composite number?
True
Is 10037 composite?
False
Is 27473 composite?
True
Is 27847 composite?
False
Is 1943 a prime number?
False
Is 12827 composite?
True
Is 464251 a composite number?
False
Is 645179 composite?
False
Is 4007593 a composite number?
False
Is 2155 a prime number?
False
Is 14171 a composite number?
True
Is 9179 prime?
False
Is 23927 prime?
False
Is 82129 prime?
True
Is 78079 a prime number?
True
Is 2521 prime?
True
Is 1147 a prime number?
False
Is 1259 prime?
True
Is 282027 a prime number?
False
Is 2869001 prime?
True
Is 10673 composite?
True
Is 7411 prime?
True
Is 25013 a composite number?
False
Is 713242 a composite number?
True
Is 12143 a prime number?
True
Is 27766 a composite number?
True
Is 191365 composite?
True
Is 21001 composite?
False
Is 91883 a prime number?
False
Is 20798 composite?
True
Is 12459 a composite number?
True
Is 65833 prime?
False
Is 216869 a composite number?
True
Is 500197 composite?
False
Is 1469197 composite?
False
Is 465109 a prime number?
False
Is 10533 composite?
True
Is 150229 prime?
False
Is 211 a prime number?
True
Is 193871 a prime number?
True
Is 111337 composite?
False
Is 25799 composite?
False
Is 563131 a prime number?
True
Is 195838 a prime number?
False
Is 388033 composite?
True
Is 87439 composite?
True
Is 390527 a composite number?
False
Is 1303663 composite?
True
Is 49597 a composite number?
False
Is 97247 a prime number?
False
Is 23773 a prime number?
True
Is 2395117 a composite number?
False
Is 5359 a prime number?
False
Is 425029 a composite number?
True
Is 2291 a prime number?
False
Is 1678 composite?
True
Is 17399 prime?
False
Is 69807 composite?
True
Is 8779 a prime number?
True
Is 279493 prime?
False
Is 215621 composite?
True
Is 19231 a composite number?
False
Is 556159 a composite number?
False
Is 96431 a composite number?
False
Is 1576157 a composite number?
True
Is 155609 prime?
True
Is 51 composite?
True
Is 14871 a composite number?
True
Is 33659 composite?
True
Is 6521 prime?
True
Is 100819 a composite number?
True
Is 369487 a composite number?
False
Is 19235 composite?
True
Is 9655 composite?
True
Is 40253 a prime number?
True
Is 1657 a prime number?
True
Is 54887 a prime number?
False
Is 338615 a prime number?
False
Is 221873 composite?
False
Is 1115 composite?
True
Is 882289 composite?
False
Is 153673 a composite number?
True
Is 1541315 composite?
True
Is 78823 a prime number?
True
Is 761113 a composite number?
False
Is 39874 prime?
False
Is 1091399 a prime number?
True
Is 74821 prime?
True
Is 409583 a prime number?
False
Is 43574 composite?
True
Is 6667 prime?
False
Is 5981 prime?
True
Is 9533 composite?
False
Is 16729 a composite number?
False
Is 191579 a composite number?
False
Is 183847 a composite number?
True
Is 1109 a prime number?
True
Is 179479 a prime number?
True
Is 36878 composite?
True
Is 301073 prime?
True
Is 760391 prime?
False
Is 769 prime?
True
Is 203807 composite?
False
Is 10519 a composite number?
True
Is 1062865 a composite number?
True
Is 1223707 composite?
True
Is 222581 composite?
True
Is 17213 a composite number?
True
Is 7715 a prime number?
False
Is 14431 a prime number?
True
Is 190933 composite?
True
Is 407893 a composite number?
False
Is 65761 a prime number?
True
Is 730193 a prime number?
False
Is 130631 a prime number?
True
Is 23711 a composite number?
True
Is 19661 composite?
False
Is 276035 a composite number?
True
Is 509471 a prime number?
False
Is 18623 composite?
True
Is 8251 a composite number?
True
Is 24989 a prime number?
True
Is 3901 prime?
False
Is 562541 a prime number?
False
Is 15527 prime?
True
Is 100787 composite?
False
Is 679 composite?
True
Is 1599637 a composite number?
True
Is 11981 composite?
False
Is 359305 composite?
True
Is 29663 a prime number?
True
Is 7573 prime?
True
Is 8939 prime?
False
Is 65959 a composite number?
True
Is 979 a prime number?
False
Is 766427 a prime number?
False
Is 11766487 composite?
False
Is 3401 prime?
False
Is 85154 a composite number?
True
Is 8803 a composite number?
False
Is 9689 prime?
True
Is 392273 prime?
False
Is 7867 a composite number?
False
Is 91 composite?
True
Is 110243 composite?
True
Is 54919 composite?
False
Is 1290635 prime?
False
Is 268773 a composite number?
True
Is 4556989 composite?
False
Is 468515 a composite number?
True
Is 184697 prime?
False
Is 6757 a composite number?
True
Is 58601 a composite number?
False
Is 157259 composite?
False
Is 16327 a composite number?
True
Is 664949 a composite number?
False
Is 221873 a prime number?
True
Is 70271 composite?
False
Is 1357 a prime number?
False
Is 126281 composite?
True
Is 378139 a composite number?
True
Is 28687 prime?
True
Is 44335 a prime number?
False
Is 710659 composite?
True
Is 61121 composite?
False
Is 21313 a prime number?
True
Is 2237 composite?
False
Is 173371 composite?
True
Is 198083 a composite number?
False
Is 31546 composite?
True
Is 571447 a prime number?
False
Is 26711 composite?
False
Is 23711 a prime number?
False
Is 17179 prime?
False
Is 8641 prime?
True
Is 21211 a prime number?
True
Is 108331 prime?
False
Is 194177 a composite number?
True
Is 489 prime?
False
Is 206665 a prime number?
False
Is 2149 composite?
True
Is 240457 a prime number?
False
Is 710717 a prime number?
False
Is 11251 a prime number?
True
Is 24659 composite?
False
Is 11441 a prime number?
False
Is 122443 a prime number?
True
Is 617377 a prime number?
False
Is 646957 prime?
True
Is 40423 a prime number?
True
Is 8999 a prime number?
True
Is 1451351 a composite number?
True
Is 649113 a prime number?
False
Is 395659 a composite number?
True
Is 498331 a prime number?
True
Is 13771 prime?
False
Is 1178549 a prime number?
True
Is 187309 a composite number?
True
Is 24359 a prime number?
True
Is 21181 a prime number?
False
Is 68371 prime?
True
Is 3261 prime?
False
Is 1061 composite?
False
Is 20467 prime?
False
Is 1243 a composite number?
True
Is 101017 composite?
True
Is 19111 a prime number?
False
Is 161029 a composite number?
True
Is 9649 prime?
True
Is 54019 a prime number?
False
Is 62347 prime?
True
Is 6387 a prime number?
False
Is 7283 a prime number?
True
Is 12343 a composite number?
False
Is 29031 prime?
False
Is 950111 a composite number?
False
Is 9059 a composite number?
False
Is 228493 composite?
True
Is 13517 a composite number?
True
Is 559941 composite?
True
Is 50357 a composite number?
True
Is 1963 composite?
True
Is 1213 prime?
True
Is 158293 a prime number?
True
Is 12479 a composite number?
False
Is 55147 a prime number?
True
Is 112835 prime?
False
Is 335261 a prime number?
True
Is 5637 composite?
True
Is 374159 a composite number?
False
Is 2879 composite?
False
Is 775189 a composite number?
False
Is 186841 prime?
True
Is 4499 a composite number?
True
Is 1259 a composite number?
False
Is 117057 a prime number?
False
Is 426922 composite?
True
Is 1419601 composite?
True
Is 663829 prime?
False
Is 4561 a prime number?
True
Is 9529 a prime number?
False
Is 79733 a composite number?
True
Is 24133 a composite number?
False
Is 212501 a prime number?
True
Is 145891 prime?
False
Is 151667 a prime number?
True
Is 388097 a composite number?
True
Is 80611 a prime number?
True
Is 251 a composite number?
False
Is 121881 composite?
True
Is 33805 a composite number?
True
Is 3953 a prime number?
False
Is 5209 a composite number?
False
Is 483023 a prime number?
False
Is 42433 a composite number?
False
Is 769 a prime number?
True
Is 74021 a composite number?
False
Is 40459 a prime number?
True
Is 950203 a composite number?
True
Is 3521 a composite number?
True
Is 341147 a composite number?
True
Is 2776045 a prime number?
False
Is 2291 prime?
False
Is 58829 a composite number?
True
Is 612439 a prime number?
True
